True
Is 1397141 a composite number?
True
Is 84601 prime?
False
Is 355417 a composite number?
False
Is 10133 prime?
True
Is 118381 a prime number?
False
Is 83449 prime?
True
Is 309547 a prime number?
False
Is 25723 composite?
True
Is 1909 prime?
False
Is 12797 a prime number?
False
Is 21083 prime?
False
Is 656783 composite?
False
Is 8353 a prime number?
True
Is 42061 a prime number?
True
Is 3941 a prime number?
False
Is 146345 composite?
True
Is 104567 composite?
True
Is 71701 a composite number?
True
Is 6483 composite?
True
Is 15193 a composite number?
False
Is 599321 composite?
False
Is 892067 a composite number?
True
Is 608087 a composite number?
False
Is 7187 composite?
False
Is 81799 a prime number?
True
Is 33827 a prime number?
True
Is 4691 a composite number?
False
Is 19811 composite?
True
Is 59963 composite?
True
Is 2263357 composite?
False
Is 6547 a composite number?
False
Is 10427 composite?
False
Is 29031 a prime number?
False
Is 377459 a prime number?
True
Is 10663 a prime number?
True
Is 21143 prime?
True
Is 103507 prime?
False
Is 1961755 a composite number?
True
Is 1209947 prime?
True
Is 327 a prime number?
False
Is 5969 a prime number?
False
Is 51113 composite?
True
Is 46279 a composite number?
False
Is 43517 prime?
True
Is 4391 prime?
True
Is 349729 prime?
True
Is 152717 composite?
False
Is 30553 a prime number?
True
Is 736454 a composite number?
True
Is 5241 prime?
False
Is 60493 prime?
True
Is 2475119 a prime number?
False
Is 1868489 prime?
False
Is 33047 prime?
False
Is 512663 composite?
False
Is 212161 a composite number?
False
Is 66799 composite?
True
Is 10667 prime?
True
Is 66473 a prime number?
False
Is 128969 prime?
True
Is 143237 a prime number?
False
Is 1439 prime?
True
Is 252359 composite?
False
Is 608581 composite?
False
Is 284061 a composite number?
True
Is 56983 a composite number?
False
Is 1709 a composite number?
False
Is 481291 prime?
False
Is 47933 prime?
True
Is 87833 prime?
True
Is 673219 a prime number?
False
Is 28195 prime?
False
Is 266533 a prime number?
False
Is 496462 a prime number?
False
Is 46429 prime?
False
Is 97627 composite?
True
Is 6779 a composite number?
False
Is 30869 composite?
False
Is 1291 a composite number?
False
Is 134515 prime?
False
Is 6459 prime?
False
Is 1009 prime?
True
Is 9005 prime?
False
Is 149 prime?
True
Is 67121 a prime number?
True
Is 38669 a composite number?
False
Is 7121 composite?
False
Is 15529 a prime number?
False
Is 7941 prime?
False
Is 481511 composite?
True
Is 41047 composite?
False
Is 388081 a composite number?
False
Is 616829 prime?
True
Is 17933 prime?
False
Is 1211 prime?
False
Is 11269 composite?
True
Is 44293 composite?
False
Is 186259 a prime number?
True
Is 15401 prime?
True
Is 8719 prime?
True
Is 359339 composite?
True
Is 1618495 a prime number?
False
Is 21269 prime?
True
Is 95369 a prime number?
True
Is 14765 composite?
True
Is 899309 composite?
False
Is 77951 composite?
False
Is 83891 a composite number?
False
Is 607931 composite?
False
Is 1274149 prime?
True
Is 1231127 prime?
True
Is 53023 a composite number?
True
Is 563741 a composite number?
True
Is 12058 a composite number?
True
Is 12899 composite?
False
Is 25043 a composite number?
True
Is 8639 composite?
True
Is 79 a prime number?
True
Is 4909 composite?
False
Is 2749183 a composite number?
False
Is 18599 composite?
True
Is 250277 a prime number?
False
Is 346933 a prime number?
True
Is 534283 a prime number?
True
Is 566047 a prime number?
True
Is 47933 a prime number?
True
Is 22303 prime?
True
Is 468173 prime?
True
Is 3869 a composite number?
True
Is 164569 a composite number?
False
Is 19811 composite?
True
Is 30729 a composite number?
True
Is 148345 composite?
True
Is 80273 composite?
False
Is 5003 a prime number?
True
Is 8501 a composite number?
False
Is 40757 a composite number?
True
Is 6607 prime?
True
Is 2813 composite?
True
Is 823643 a prime number?
True
Is 473 a composite number?
True
Is 405473 a prime number?
True
Is 21043 a prime number?
False
Is 264731 prime?
True
Is 281107 composite?
True
Is 373 a composite number?
False
Is 4109 composite?
True
Is 98305 composite?
True
Is 90971 a prime number?
True
Is 474307 composite?
False
Is 3365 prime?
False
Is 14653 composite?
False
Is 200341 a prime number?
True
Is 8101 composite?
False
Is 81797 a composite number?
True
Is 277613 composite?
True
Is 74149 a composite number?
False
Is 1399 a prime number?
True
Is 7593 a composite number?
True
Is 3008417 a composite number?
False
Is 293 a composite number?
False
Is 791969 composite?
False
Is 532439 a composite number?
False
Is 171257 a prime number?
False
Is 3518 composite?
True
Is 11863 composite?
False
Is 164001 prime?
False
Is 15149 prime?
True
Is 169241 a composite number?
False
Is 2777 prime?
True
Is 39279 prime?
False
Is 23723 prime?
False
Is 208345 a composite number?
True
Is 1687187 prime?
True
Is 30089 prime?
True
Is 718783 prime?
False
Is 57107 composite?
False
Is 3181 composite?
False
Is 265303 prime?
False
Is 8861 a composite number?
False
Is 4373 composite?
False
Is 21849 composite?
True
Is 352789 prime?
False
Is 177 prime?
False
Is 14683 a prime number?
True
Is 19973 a prime number?
True
Is 13303 prime?
False
Is 6677 composite?
True
Is 1002331 a composite number?
True
Is 2063 a prime number?
True
Is 45083 prime?
True
Is 753835 a composite number?
True
Is 10367 prime?
False
Is 88081 prime?
False
Is 14453 composite?
True
Is 2393647 prime?
True
Is 247141 composite?
False
Is 3063755 a composite number?
True
Is 164173 composite?
False
Is 30631 a prime number?
True
Is 62593 a prime number?
False
Is 5989 composite?
True
Is 651347 a composite number?
False
Is 1278983 prime?
True
Is 1949 prime?
True
Is 2879 composite?
False
Is 44537 composite?
False
Is 53231 a prime number?
True
Is 91009 a prime number?
True
Is 294163 a prime number?
False
Is 29579 composite?
True
Is 3989 prime?
True
Is 8143 a prime number?
False
Is 471583 prime?
False
Is 2019233 prime?
False
Is 82617 prime?
False
Is 787 prime?
True
Is 7433 a composite number?
False
Is 2576461 prime?
False
Is 35147 a composite number?
True
Is 203119 prime?
False
Is 5099 a prime number?
True
Is 545291 a prime number?
True
Is 967 a prime number?
True
Is 2394259 composite?
True
Is 18949 composite?
True
Is 146269 a prime number?
False
Is 5921 prime?
False
Is 94199 composite?
True
Is 18622 a composite number?
True
Is 5639 a composite number?
False
Is 2767 prime?
True
Is 6731 prime?
False
Is 1120033 a composite number?
True
Is 1169 composite?
True
Is 5737 composite?
False
Is 392957 composite?
False
Is 230449 a composite number?
False
Is 32327 prime?
True
Is 23251 prime?
True
Is 895 prime?
False
Is 13873 prime?
True
Is 188189 a prime number?
True
Is 283529 a prime number?
False
Is 76915 a composite number?
True
Is 201463 a prime number?
False
Is 14197 composite?
False
Is 101095 composite?
True
Is 121591 prime?
True
Is 55343 a composite number?
False
Is 1163 a prime number?
True
Is 1153837 a composite number?
True
Is 104947 composite?
False
Is 9917 a prime number?
False
Is 13045 composite?
True
Is 3797 a prime number?
True
Is 41155 a prime number?
False
Is 138793 a composite number?
False
Is 392471 composite?
True
Is 9259 composite?
True
Is 135029 prime?
True
Is 418739 a composite number?
False
Is 146447 a composite number?
True
Is 88853 composite?
False
Is 4661 a prime number?
False
Is 5513 composite?
True
Is 120481 composite?
True
Is 251 a prime number?
True
Is 95 a composite number?
True
Is 5722 composite?
True
Is 12787 a prime number?
False
Is 1005371 a prime number?
True
Is 230719 a composite number?
False
Is 3161 composite?
True
Is 150341 a prime number?
False
Is 306107 a prime number?
False
Is 270407 prime?
True
Is 12633 prime?
False
Is 2236873 a prime number?
True
Is 177439 a composite number?
True
Is 536881 a prime number?
False
Is 1229 prime?
True
Is 14951 prime?
True
Is 11041 a prime number?
False
Is 3251 composite?
False
Is 11987 a composite number?
False
Is 8665 a composite number?
True
Is 116867 a composite number?
False
Is 10007 a prime number?
True
Is 82591 composite?
False
Is 35417 prime?
False
Is 219353 a composite number?
False
Is 219031 prime?
True
Is 69539 prime?
True
Is 37529 a prime number?
True
Is 299513 prime?
True
Is 108529 a